2*n + w + f, 580 = 4*n + 4*w. What is the highest common factor of n and 20?
20
Let i be (12/9)/(-29 - 54831/(-1890)). Calculate the greatest common factor of i and 1072.
8
Let n be (72/(-30) + 2)/(3/(-60)). Let y(k) = 3*k + 23. Let l be y(-7). What is the highest common divisor of n and l?
2
Let i = 4301 - 3976. What is the greatest common divisor of i and 15?
5
Suppose 137*l - 1657345 + 44444 = 0. Calculate the highest common divisor of 61 and l.
61
Suppose 109*s - 3084 = 111*s. Let h = 3426 + s. Calculate the greatest common divisor of 12 and h.
12
Suppose -11*a + 21*a = 3220. Suppose l = 0, 2*x = -4*l + 5*l + a. Calculate the greatest common factor of 23 and x.
23
Let t(s) = 60*s + 1030. Let l be t(-16). Let j be 0 - (225/20)/((-6)/16). What is the highest common factor of l and j?
10
Let t = -180 - -200. Suppose 12 = y + 3*y. Suppose -7*x + y*x = -240. Calculate the greatest common factor of t and x.
20
Let u be -12 - (-48)/(-56)*7. Let l = 38 - u. What is the highest common factor of 8 and l?
8
Suppose -4*n = -46 + 14. Let z = -226516 - -226521. What is the highest common factor of n and z?
1
Let s(y) = -41*y**3 + 15*y**2 - 30*y - 21. Let z be s(-12). Let w be z/276 - 1/(-4). What is the highest common factor of w and 14?
14
Let q be (2 - 53874/42) + 2/(-7). Let n be 3/(-6) - q/14. Let t = n + -88. Calculate the highest common divisor of t and 1.
1
Let y = 2992 - 2016. Calculate the highest common divisor of 12 and y.
4
Let u = 124 - 118. Suppose 0 = u*v - 423 + 1101. Let d = v - -134. Calculate the greatest common divisor of d and 63.
21
Let m(u) = 8*u**2 + 1133*u - 351. Let k be m(-142). Let l(r) = 2*r**3 - 3*r**2 - 2*r + 4. Let h be l(3). Calculate the greatest common divisor of k and h.
25
Suppose 0 = v - 5 + 37. Let q(m) = -19*m - 217. Let c be q(-11). Let b be (22/8)/(c/v). What is the highest common divisor of 33 and b?
11
Let v be ((-8877)/(-15))/((-246)/(-60) - 4). What is the greatest common divisor of v and 22?
22
Suppose 2 = -n + 5*m, -2*m + 5*m - 12 = -3*n. Let r be (-32544)/(-63) - n/(-7). What is the greatest common divisor of 47 and r?
47
Suppose 4*b - 12 = 0, 2*c - 671 = -4*b + 247. Calculate the highest common divisor of 755 and c.
151
Let u = -2468 - -2594. What is the highest common factor of 1080 and u?
18
Let g = 15 - 0. Suppose -6*o + 49 = -71. Suppose -o*i = 317 - 1517. Calculate the greatest common factor of i and g.
15
Suppose c + 110 = -3*b + 142, 4*b = -2*c + 44. Calculate the highest common factor of b and 2815.
5
Suppose -40*y = -37*y + 3*h + 411, 0 = -5*y - 3*h - 695. Suppose -2*l - 6*l = 1168. Let m = y - l. Calculate the greatest common factor of 12 and m.
4
Let y be ((-67)/(-1)*-5)/(-2*4/8). What is the greatest common factor of y and 5?
5
Suppose 3*u + 110 + 136 = 0. Let j = 87 + u. Suppose j*o - 716 = 4*n, -4*o = -7*o + 2*n + 428. Calculate the highest common divisor of 28 and o.
28
Suppose 2*o - i - 1636 = 2*i, 0 = -3*i - 12. Suppose r + 87 - 45 = 70. Calculate the greatest common factor of o and r.
28
Suppose -3*l = 4 - 1, 3*l = 3*a - 147. Suppose 521 + 709 = 6*d + 24*d. Let c = a - d. Calculate the highest common factor of 133 and c.
7
Let y(t) = -110*t + 2030. Let i be y(17). What is the greatest common divisor of i and 105?
5
Suppose -69*i - 796 + 2124 = -604. Suppose 5*f - 528 = 452. What is the greatest common divisor of f and i?
28
Let p be 260/(-28) - (-2)/7. Let a be (-3 - 21/p)/(5/30). Let h be (-5)/(-1) - (-4 + 4 - a). Calculate the highest common divisor of 7 and h.
1
Let x(m) = m**3 - 137*m**2 - 149*m + 1782. Let f be x(138). Let s = -6 + 30. What is the highest common factor of f and s?
24
Suppose -38 = -6*o + 5*o + 4*r, -3*r - 15 = 0. Let t = -117 + 129. Let v be ((-64)/(-6))/(t/o). What is the greatest common factor of v and 16?
16
Suppose 4*i - 8*h = -11*h + 17, 5*h - 15 = 0. What is the greatest common factor of i and 74?
2
Let f(g) = 6*g. Let w be f(3). Let r be (((-423)/(-60) - 8) + 12/60)*-864. What is the greatest common factor of r and w?
18
Suppose -1751 = -6*s + 3*s + 4*j, 2*s + 3*j - 1190 = 0. Suppose -h - 121 = -s. What is the highest common divisor of h and 78?
78
Suppose 2*a - 3*b = 15, 2*a + 4*b = -a + 14. Let z be (-546)/156*(-26)/7. Suppose 6*c = z*c - 42. Calculate the highest common factor of a and c.
6
Let h(m) = 118*m - 1394. Let a be h(12). What is the greatest common divisor of 46 and a?
2
Let v be 1/4 - (-575)/4. Let s = -94 + 70. Let g be (-33 + 38)*s/(-10). Calculate the greatest common factor of v and g.
12
Let c be (-56)/147*6 - 4/(-14). Let i be (-19)/c + 5/(-10). What is the greatest common divisor of i and 81?
9
Let w = 140 + -191. Let a be w/34 + (-1)/2 - -4. Calculate the highest common factor of a and 54.
2
Let w(s) = 28*s**2 - 253*s + 498. Let x be w(2). Let a = 69 + 9. Calculate the greatest common divisor of a and x.
26
Suppose -17*u + 142 = -351. Let p(f) = -f**2 + 32*f - 23. Let t be p(u). What is the highest common factor of 4 and t?
4
Let s(c) = -9*c - 76. Let a be s(-9). Let r be 0 + (479 - (-8)/(a - 7)). Calculate the greatest common factor of 19 and r.
19
Suppose -5*c + 32 = 2*w - c, c - 29 = -4*w. Suppose w = 2*x + x. Suppose x*q = 31 - 3. What is the highest common factor of 112 and q?
14
Let x(s) = s**2 + 4462*s + 17844. Let y be x(-4). Suppose -4*d + 2*c + 1215 = -3*c, 0 = 4*c + 12. Calculate the highest common divisor of d and y.
12
Let b = 105 + -54. Suppose -42 = -b*w + 53*w. Let j be ((-14)/w)/(-3 + 20/6). What is the highest common factor of j and 8?
2
Let x be ((-60)/16 - 1)*(-22 + 2). Let c be (-156)/2*(39/(-9) + 3). Suppose -5*z + 86 = -c. What is the highest common factor of z and x?
19
Suppose -178*p + 1409 + 971 = -38*p. Calculate the highest common divisor of p and 323.
17
Let m(n) = 50*n - 1958. Let v be m(40). Let d be 2*(-1 + 2) + 68. What is the greatest common divisor of d and v?
14
Suppose -6*i - 39 = -159. Suppose -2*x + 4*a + 113 = -75, -2*x = -a - 197. Calculate the highest common factor of i and x.
20
Suppose 3*b - 1125 = 3*o, -2*b + 2589*o - 2594*o + 701 = 0. Calculate the greatest common factor of b and 2.
2
Suppose -4*h + 51 = -n, -5 - 13 = -h + 2*n. Calculate the greatest common divisor of h and 13404.
12
Let s be 7/(-35) - (-2 - 914/(-5)). Let j = s - -206. Calculate the greatest common divisor of 50 and j.
25
Suppose 0 = 4*o + 53 - 41. Let z(k) = k**3 + 7*k**2 + k - 2. Let s be z(o). Calculate the highest common factor of 217 and s.
31
Let l be (-10)/25 - 28/5 - (0 + -11962). What is the highest common factor of 196 and l?
196
Let f = -61 - -63. Let v(x) = 16*x - 16. Let k be v(f). Let d = -553 - -641. Calculate the highest common factor of d and k.
8
Suppose 3*g - 55 = -4*s + 4, 3*s = 2*g - 11. Let b(w) = -74*w + 635. Let p be b(7). Calculate the greatest common factor of p and g.
13
Let z(g) = -23*g + 6088. Let s be z(-8). What is the highest common divisor of 128 and s?
128
Suppose 106*g - 63612 = -80*g. Calculate the greatest common divisor of 1482 and g.
114
Suppose -5*g + 2*f + 275 = 7*f, -5*f = -4*g + 229. Let a be (g/98)/(3 - 57/21). Suppose -4*n + 4 = -0*n. What is the greatest common factor of n and a?
1
Let c(g) = 4*g**2 + 4*g + 6. Let k be c(-3). Let m be (-6)/k + 783/15. What is the greatest common factor of 468 and m?
52
Let l = 3187 + -3177. Calculate the greatest common factor of 6 and l.
2
Suppose -77 = -11*m + 7*m + 5*q, -m = 5*q + 12. Let s(u) = -u**2 + 26*u - 34. Let y be s(m). What is the greatest common divisor of y and 90?
45
Let m be (-6)/10 - (-843)/5. Suppose 14*k = 15*k - 6, 3*f + 2*k - 60 = 0. What is the highest common factor of f and m?
8
Suppose 4*f = 2*f - 3*q + 30, -29 = -f + 2*q. Let b be (47 - f) + 1/1. Calculate the highest common factor of 54 and b.
27
Let i(q) = q**2 - 236*q + 1187. Let o be i(5). Calculate the greatest common factor of 304 and o.
16
Let t be ((-28886)/(-88) + 8)*4. Calculate the greatest common divisor of t and 10.
5
Suppose 15*x = -13*x + 15204. Let m = x - 428. What is the highest common factor of 184 and m?
23
Let f be 32/(-3)*181/((-6878)/3192). What is the highest common factor of 3968 and f?
128
Suppose -4*t + 3*q = 3154 - 12346, q + 2298 = t. What is the highest common factor of t and 18?
6
Suppose 6*v - 4*v - 1000 = 0. Suppose 4*u = 14*u - v. S